= -40 - -39. Let z(u) = 54*u**2 + 2*u + 1. What is the tens digit of z(d)?
5
Let x = 297 - -309. What is the hundreds digit of x?
6
Let y(m) = -m**2 + 11*m. Let q be y(6). Let w = -9 + q. Suppose -9 = -3*r + w. What is the units digit of r?
0
Suppose z + 386 = w, 0 = 7*z - 10*z - 12. What is the hundreds digit of w?
3
Let t(k) be the third derivative of k**4/8 - k**3/3 - 13*k**2. Let v be t(19). Suppose -h = 23 - v. What is the tens digit of h?
3
Let v(t) = 5*t + 9 + 7 + 4 - 6. Let w be v(6). Suppose -114 + w = -2*n. What is the units digit of n?
5
Let b = 2975 + -937. What is the tens digit of b?
3
Let p(w) = w**2 + 4*w - 5. Let j be p(-6). Let d(b) = 2*b**3 + 3*b**2 + 5*b + 8. Let y be d(j). What is the tens digit of y/60 + 2/5?
1
Let m be (-1)/3 - (-40)/(-6). Let f(t) = t**3 + 10*t**2 + 10*t - 9. What is the tens digit of f(m)?
6
Let p be (-4)/(-12) - (-24)/9. Suppose q + p*t = -4*q + 422, 2*q - 171 = t. What is the tens digit of q?
8
Let s(p) = -p - 5. Let z be s(-12). Let k be (1 - 1)*(z + -6). Suppose k*d - 150 = -5*d. What is the units digit of d?
0
Let o(t) = 3*t**2 + 2*t + 2. Let w be o(10). Let h = w - 213. What is the units digit of h?
9
Suppose 154 = -4*k + 2*x, 3*k - 2*x = 3*x - 133. Let p be (-1)/(-6) + 1340/24. Let y = k + p. What is the tens digit of y?
2
Let y(g) = -g**2 + 11*g - 15. Let a be y(10). Let m = a + 10. Suppose 15 = k - 0*f - m*f, 5*f + 35 = 3*k. What is the units digit of k?
0
Let j be (-2 - 14/(-8))*0 - -2. Suppose -o = -j*o - d + 85, -3*d + 336 = 4*o. What is the units digit of o?
1
Suppose 7*o - 5129 = 93. What is the tens digit of o?
4
Let z be 16 - 14 - (0 - -1)*-1. Suppose 3*b = 3*p + 111, -3*p = z*b - b - 89. What is the units digit of b?
0
Suppose 0 = -2*w + 54 - 12. Suppose a + 2*a = w. What is the units digit of a?
7
Let b = -116 - -110. What is the units digit of 58/4*b*-1?
7
Suppose 0 = -9*m + 1313 + 2656. What is the units digit of m?
1
Suppose 2152 = 29*u - 21*u. What is the tens digit of u?
6
Suppose 19 = -5*j - 16. Let y = -11 + -6. Let w = j - y. What is the units digit of w?
0
What is the tens digit of 4 - 0 - (-6 - 205)?
1
Let r = 347 - 166. Suppose 0 = -3*b + 35 + r. What is the units digit of b?
2
Let c = 8 + 3. Suppose 24 = c*o - 10*o. What is the tens digit of o?
2
Let g(u) = 9*u - 18. Let p be g(-6). What is the units digit of 1620/52 + (-2 - p/39)?
1
Suppose -u + 240 = 2*b - 238, -4*u = -b + 230. What is the hundreds digit of b?
2
Let f(s) = -7*s + 12*s + s**3 - 10 - 2*s**2 + 12*s**2. Let d = 13 - 21. What is the units digit of f(d)?
8
Let a = 11 + -4. What is the tens digit of 4*1 + (-366)/(-3) + a?
3
Let v(i) be the first derivative of i**5/120 + i**4/2 - 4*i**3/3 - 3. Let u(b) be the third derivative of v(b). What is the units digit of u(-5)?
7
Let g = 1056 + -809. What is the hundreds digit of g?
2
Suppose 0 = 2*g - 4*g + 288. Let r be 90/72 - 21/(-12). Suppose 0 = -4*c - 0*m + 2*m + 192, 3*c = -r*m + g. What is the tens digit of c?
4
Suppose 9*o - 680 = 8*o + 2*v, -2*o - 5*v + 1360 = 0. What is the hundreds digit of o?
6
Let j(q) = 13*q + 3 - 5 - 11*q. Let m be j(4). What is the units digit of -2 + m - 2 - -1?
3
Let p(x) = 14 + 7 - 3 + 5*x + 0*x. What is the units digit of p(-3)?
3
Let l be (-3)/(-9) - 537/(-9). Suppose 8*j = 3*j + l. What is the tens digit of j?
1
Suppose -826 = 8*w - w. Let r = w - -171. What is the units digit of r?
3
Let u be ((-12)/5)/(9/60). Let m be (0 + (-2 - 1))*-1. Let b = m - u. What is the units digit of b?
9
Let a be (9/6)/((-1)/2) + 26. Suppose 6*l = -17 + a. What is the units digit of l?
1
Suppose -595 - 77 = -8*c. What is the units digit of c?
4
Let v(o) = o**3 - 10*o**2 - 10*o - 2. Let n be v(11). Suppose -c + 5 = -n. What is the tens digit of (-4)/c + (-326)/(-14)?
2
Let l = -2973 + 4352. What is the units digit of l?
9
Let m(w) be the first derivative of 9 + 9*w + 1/2*w**2. What is the units digit of m(8)?
7
Suppose 0 = 4*m + 31 + 17. Let n = m + 53. What is the units digit of n?
1
Let x = -28 - -33. Suppose m = -4*r + 90, r + 0*m - 33 = x*m. What is the units digit of r?
3
Let x(g) = -g**2 + 10. Suppose 5*y + 11 = 4*y. Let n be 0 - 1 - (y + 10). What is the tens digit of x(n)?
1
Let q = -69 + 66. What is the tens digit of (-144)/8*10/q?
6
Let k(j) = j - 4. Let x be k(5). What is the units digit of (-21 - x)/((-6)/12)?
4
Let j = 1 - -4. Suppose j*v + 35 = -5*o, o - 5*v = -o - 7. Let b(k) = -5*k - 11. What is the units digit of b(o)?
9
Suppose -100 = -3*w + 68. Let j = w - 25. Let t = j + -11. What is the tens digit of t?
2
Suppose -g + 793 = 4*u, -4*g + 825 + 2287 = 4*u. What is the units digit of g?
3
Let q = -6 + 8. Let v be -3 - ((-2)/(-3))/((-14)/147). Suppose q*m + v*n - 78 = 0, -2*m + 5*m - n = 152. What is the tens digit of m?
4
Let x(a) = -a**2 - 36*a + 130. What is the hundreds digit of x(-27)?
3
Suppose -205 = -i + 40. What is the tens digit of i?
4
Let v(r) = -r**3 - 10*r**2 + 14*r + 34. What is the tens digit of v(-13)?
5
Let h = 1076 + -604. What is the units digit of h?
2
Suppose 2798*g - 2792*g - 5952 = 0. What is the tens digit of g?
9
What is the hundreds digit of (-1438)/(-9) + (-52)/(-234)?
1
Suppose -142*g - 32080 = -182*g. What is the tens digit of g?
0
Suppose -3*v = -33 - 54. Suppose -3*y + v + 160 = 0. Let k = -23 + y. What is the tens digit of k?
4
What is the hundreds digit of (494 - 0) + 30/6?
4
Suppose -10*i + 9*i = 3*m - 10, 17 = 4*m + 5*i. Let n = 8 - 3. Suppose 5*q = 2*g + 30, m*q = -n*g - 14 + 1. What is the units digit of q?
4
Let x = -617 - -1099. What is the hundreds digit of x?
4
Let b(l) = 4*l - 11. Let t be b(5). What is the hundreds digit of (0 - 12/(-1))*1*t?
1
Suppose 5*h + y - 295 = -4*y, -53 = -h - 4*y. Suppose 2*w - 173 + h = 0. What is the tens digit of w?
5
Let z(t) = 6*t**2 - 8*t - 14. Let g = 32 - 36. What is the tens digit of z(g)?
1
Let u = 179 - -29. What is the tens digit of u?
0
Let t(a) = 8*a**3 - 5*a**2 + 6*a - 6. What is the units digit of t(4)?
0
Let h(f) = -f**2 + 3*f. Let o be h(3). Suppose 2*z + 30 - 12 = o. Let u = z - -31. What is the tens digit of u?
2
Let r be 0/(-2) - 0/(-1). Suppose u = -r + 3. Let m = 4 - u. What is the units digit of m?
1
Let l = -30 + 61. Suppose -v - l = 36. What is the units digit of (-3)/6 - v/2?
3
Suppose -s + 2 = -4*l + 6*l, s - 3 = -3*l. Suppose -4*x - 6 - 10 = s, p - 2*x - 123 = 0. What is the tens digit of p?
1
Let a be 63/(2*1/102). What is the hundreds digit of (-4)/(-5) - (6 - a/15)?
2
Suppose -m + 351 = -o - 7, 728 = 2*m + 2*o. What is the tens digit of m?
6
What is the units digit of 7/(-1) - (-422 + 0)?
5
Suppose 0 = 61*f - 39*f - 23716. What is the units digit of f?
8
Let p = -559 - -5763. What is the units digit of p?
4
Let b(f) = 2*f + 1. Let v be b(1). Let h = 165 - 118. Suppose -h = -2*g - v. What is the tens digit of g?
2
Let h be 2*-6*4/(-6). Let j = h - 7. Suppose -12 + j = -x. What is the units digit of x?
1
Suppose -q + 392 = -5*m + 3*m, 3 = -3*m. What is the hundreds digit of q?
3
Let o = 4 + -4. Suppose o = 5*i - 4*p - p + 35, 2*i + 29 = -p. Let s = 39 + i. What is the tens digit of s?
2
Let g = -2683 - -5149. What is the tens digit of g?
6
Let t = 97 - 49. Let l be (-2 - -5) + -3 - t. Let p = l - -112. What is the units digit of p?
4
Let z be (-2)/(-4) - 102/12. What is the units digit of (-2)/z - 7152/(-64)?
2
Suppose -2194 = -4*u - 2*y, 227 + 324 = u - 2*y. What is the units digit of u?
9
What is the hundreds digit of (57/(-9) + 5)*-24*19?
6
Let g = 31 - 31. Let c(m) = g*m + 6*m**2 + 8 - 3*m**2 + 7*m. What is the tens digit of c(-5)?
4
What is the units digit of 386 + 3 + 16/8?
1
Let p = -7 + 13. Let s be 37/(-3) + 2/p. Let w = s + 32. What is the units digit of w?
0
Let d be 2/9 - 2/9. Suppose 2*l - 2 = -d*l. What is the units digit of (0 - -2) + (43 - l)?
4
Let o(d) = -2*d**3 - 5*d**2 - d + 3. Let f be o(-3). Let j(q) = q**3 - 12*q**2 - 14*q + 15. Let p be j(13). What is the tens digit of (f/12)/(p/24)?
1
Suppose -5*n = -15, -5*b - 22 = -2*n + 29. Let u = b - -11. Let s(r) = 5*r. What is the units digit of s(u)?
0
Let j(y) = 4*y**2 + 8*y - 24. Let w be j(6). Suppose -s + w = -43. What is the hundreds digit of s?
2
Let x = 9 + -12. What is the units digit of 10/(x/((-48)/4))?
0
Let v be 0*(3 - 20/6). What is the units digit of -1 